hat is t(-70)?
-12
Let y(o) = 104*o - 1. Calculate y(0).
-1
Let t(h) = -84*h**2 - 1483*h - 33. Determine t(-18).
-555
Let z(c) = c**3 + 13*c**2 - 10*c + 43. Give z(-16).
-565
Let a(q) = 6*q**3 + 7*q**2 + 11*q + 8. Calculate a(-3).
-124
Let b(t) = 315*t - 4412. Calculate b(14).
-2
Let s(w) = 5*w**2 + w - 111. Determine s(8).
217
Let p(o) = o**2 + 805*o + 20240. Calculate p(-26).
-14
Let x(z) = -9*z**2 - 4*z + 1011. Give x(-11).
-34
Let c(f) = 25*f**3 + 302*f**2 + 36*f + 95. Determine c(-12).
-49
Let y(f) = -f**2 + 4*f - 133. What is y(12)?
-229
Let p(z) = -183*z - 2741. Calculate p(-15).
4
Let p(s) = -s**3 - 7*s**2 + 30*s + 160. Give p(-5).
-40
Let n(t) = 136*t**2 + 52*t + 4. Calculate n(0).
4
Let d(n) = -11*n - 624. Determine d(-97).
443
Let q(z) = 31*z**2 - 123*z + 3. Calculate q(3).
-87
Let v(j) = 20*j**2 - 16*j - 3. Calculate v(3).
129
Let y(z) = 783*z + 6204. Determine y(-8).
-60
Let k(s) = 238*s + 7. Calculate k(-1).
-231
Let q(z) = -z**3 + 6*z**2 + 15*z - 12. Calculate q(9).
-120
Let p(q) = q**2 + 737*q - 18266. What is p(24)?
-2
Let m(g) = g**2 + 1794*g - 10815. Give m(6).
-15
Let k(w) = -14*w - 2767. Calculate k(-198).
5
Let o(d) = 3*d + 44. Calculate o(-6).
26
Let u(t) = 337*t - 6673. Calculate u(20).
67
Let z(x) = x**3 + 32*x**2 - 66*x + 49. Give z(-34).
-19
Let b(u) = u**3 - u - 1. Give b(0).
-1
Let u(j) = -26*j**2 + 3099*j - 596. Calculate u(119).
-1
Let k(d) = 2*d**3 + 109*d**2 - 169*d - 64. Calculate k(-56).
-8
Let h(n) = -n**3 - 89*n**2 + 277*n + 80. What is h(-92)?
-12
Let o(m) = -m**3 + 78*m**2 + 67*m + 978. Determine o(79).
30
Let s(y) = -4*y**2 - 98*y - 48. Give s(-22).
172
Let u(d) = -8*d**2 - 636*d + 103. Give u(-79).
419
Let r(p) = 2*p**2 - 885*p + 6. Calculate r(0).
6
Let m(o) = -143*o + 215. Calculate m(2).
-71
Let h(n) = -2*n**2 - 21*n - 74. Calculate h(-5).
-19
Let a(j) = -j**2 - 5582*j + 83966. Determine a(15).
11
Let w(i) = -i**2 + 69*i - 875. Give w(17).
9
Let m(i) = 32*i - 158. Calculate m(-8).
-414
Let o(b) = -4*b**2 + 82*b + 61. Give o(21).
19
Let p(h) = 706*h - 15539. What is p(22)?
-7
Let h(b) = 4*b**2 + 70*b + 430. Determine h(-7).
136
Let j(f) = 21*f - 994. Give j(48).
14
Let s(j) = 6*j**2 - 79*j - 263. Give s(16).
9
Let d(l) = l**3 + 16*l**2 - 6*l - 81. Give d(-16).
15
Let v(x) = -23*x**2 - 68*x + 18. What is v(-6)?
-402
Let l(p) = 20*p**2 + 848*p + 331. Calculate l(-42).
-5
Let h(w) = 14*w + 251. Give h(-23).
-71
Let n(g) = -2*g**3 + 33*g**2 + 53*g + 23. What is n(18)?
5
Let h(t) = 142*t - 1915. Give h(12).
-211
Let o(g) = 29*g - 3485. Calculate o(121).
24
Let y(o) = -o**3 + 5*o**2 + 19*o + 12. Determine y(7).
47
Let n(g) = g**2 + 39*g + 280. Give n(-31).
32
Let d(n) = -n**3 - 7*n**2 - 4. Calculate d(-4).
-52
Let k(u) = 8*u**2 + 7*u - 62. What is k(-6)?
184
Let x(o) = -14*o**3 - 740*o**2 + 116*o + 533. Calculate x(-53).
3
Let h(n) = 2*n**2 - 264*n - 536. Determine h(134).
0
Let b(v) = 43*v - 83. Determine b(4).
89
Let p(t) = -t**3 - 23*t**2 - 72*t + 12. Determine p(-19).
-64
Let r(f) = -20*f - 242. Give r(-12).
-2
Let p(w) = -6*w - 24. What is p(-32)?
168
Let z(a) = 25*a + 44. Give z(-2).
-6
Let c(r) = -r**2 - 58*r - 961. Calculate c(-27).
-124
Let m(o) = -15*o**3 - 12*o**2 - 19*o + 1. Determine m(-2).
111
Let b(i) = -717*i - 3581. What is b(-5)?
4
Let p(q) = -206*q + 1211. What is p(6)?
-25
Let o(m) = -903*m - 1794. Determine o(-2).
12
Let o(j) = 24*j + 332. What is o(-15)?
-28
Let w(j) = -j**3 - 69*j**2 - 62*j - 135. Determine w(-68).
-543
Let f(m) = m**3 - 24*m**2 + 130*m - 455. Give f(19).
210
Let h(r) = 754*r**2 - 9*r - 7. What is h(-1)?
756
Let p(b) = b**2 + 11*b + 47. Determine p(-7).
19
Let o(y) = -16*y**3 + 16*y**2 - 20*y + 3. Give o(1).
-17
Let q(w) = 250*w + 463. What is q(-2)?
-37
Let j(q) = 856*q - 8586. Determine j(10).
-26
Let y(b) = 570*b + 2845. Determine y(-5).
-5
Let w(t) = -2*t**2 - 109*t - 617. Give w(-6).
-35
Let v(f) = -f**2 + 109*f - 1162. What is v(12)?
2
Let j(f) = f**3 - 126*f**2 - 3770*f - 750. Give j(151).
5
Let a(i) = i**3 + 27*i**2 + 30*i + 45. What is a(-25)?
545
Let u(f) = 120*f - 596. Calculate u(5).
4
Let c(s) = -2*s**3 - 28*s**2 - 10*s + 81. What is c(-14)?
221
Let o(s) = 1208*s - 4955. Give o(4).
-123
Let l(y) = 11*y**2 - 5*y - 15. Calculate l(-2).
39
Let n(b) = -577*b + 17305. Calculate n(30).
-5
Let a(q) = -8*q**3 - 4*q**2 + 30*q + 34. Determine a(-1).
8
Let w(h) = -5*h**2 - 43*h + 104. Calculate w(2).
-2
Let q(y) = -y**3 + 12*y**2 + 21*y - 42. Give q(13).
62
Let w(m) = -3*m**3 - 743*m**2 + 1008*m + 2991. Give w(-249).
3
Let q(h) = -2*h**2 + 157*h + 10282. Calculate q(121).
-3
Let o(z) = -2*z**3 - 17*z**2 - 6*z + 3. Determine o(-8).
-13
Let p(n) = -226*n + 923. Give p(4).
19
Let y(q) = 1078*q**2 + 46*q - 45. What is y(1)?
1079
Let i(n) = 733*n**2 + 33718*n + 2. Give i(-46).
2
Let k(l) = 8*l**2 + 4*l + 27. Calculate k(-4).
139
Let g(r) = r**2 + 51*r + 587. Calculate g(-17).
9
Let s(r) = 116*r**2 + 3714*r + 58. Determine s(-32).
-6
Let k(o) = -9*o - 1881. Calculate k(-209).
0
Let s(y) = -y**3 - 5*y**2 - 14*y - 109. What is s(-6)?
11
Let j(l) = l**3 - 5*l**2 + 10*l - 15. Calculate j(2).
-7
Let d(j) = j**3 - 3*j**2 - 166*j - 9. Determine d(-11).
123
Let g(z) = -z**3 - 3*z**2 - 30. Give g(-4).
-14
Let m(h) = -49*h - 433. What is m(-12)?
155
Let z(o) = -157*o + 15. Calculate z(3).
-456
Let z(d) = -2467*d + 17265. Determine z(7).
-4
Let p(x) = 10*x + 63. Determine p(6).
123
Let p(w) = -w**3 + 25*w**2 - 86*w + 426. Calculate p(22).
-14
Let p(g) = g**3 - 15*g**2 - 87*g + 201. Calculate p(19).
-8
Let u(h) = -5*h**3 + 286*h**2 - 79*h + 1256. Determine u(57).
2
Let v(h) = -4*h**3 - 8*h**2 - 12*h - 23. Give v(-2).
1
Let c(k) = 16*k**2 + 448*k + 3. Give c(-28).
3
Let f(h) = 1644*h - 59175. Give f(36).
9
Let g(y) = 15*y + 370. Calculate g(-28).
-50
Let m(i) = -2*i**3 - 15*i**2 + 18*i - 41. What is m(-11)?
608
Let l(q) = q**3 - 24*q**2 + 154*q + 11. Determine l(11).
132
Let n(k) = 2*k**2 - 2*k - 52. Give n(11).
168
Let q(s) = 23*s - 20. Determine q(-5).
-135
Let l(u) = u**2 - 70*u + 923. What is l(39)?
-286
Let v(d) = -75*d - 12. Determine v(1).
-87
Let v(p) = 2*p**2 - 724*p - 2164. What is v(-3)?
26
Let k(g) = -5*g**2 - 27*g + 241. Determine k(8).
-295
Let i(b) = -2*b**2 - 2*b + 259. Determine i(11).
-5
Let n(u) = -u**3 + 46*u**2 - 65*u + 673. What is n(45)?
-227
Let x(g) = -g**3 - 42*g**2 + 236*g + 49. Determine x(-47).
2
Let p(v) = -135*v - 8123. What is p(-60)?
-23
Let q(t) = 12*t**2 + 1254*t + 1833. Determine q(-103).
-21
Let s(l) = -2*l**3 + 14*l**2 - 6*l + 11. Determine s(6).
47
Let h(k) = -173*k + 1557. Give h(8).
173
Let h(d) = d**3 - 11*d**2 + 58*d - 125. Give h(5).
15
Let p(n) = 2*n**2 + 520*n - 4282. Give p(8).
6
Let w(v) = -v**3 - 119*v**2 - 222*v + 1426. What is w(-117)?
22
Let j(w) = 147*w + 586. Determine j(-4).
-2
Let k(u) = 11*u - 107. What is k(6)?
-41
Let b(r) = 381*r + 3137. What is b(-8)?
89
Let t(n) = n**3 - 27*n**2 - 33*n + 240. Calculate t(28).
100
Let w(z) = z**3 + 3*z**2 + 252*z + 1044. What is w(-4)?
20
Let g(i) = -210*i + 16175. What is g(77)?
5
Let r(m) = 32*m**3 - 19*m**2 + 33*m + 16. Determine r(2).
262
Let b(h) = 3*h**2 + 93*h + 300. What is b(-27)?
-24
Let k(z) = 60*z - 955. Determine k(17).
65
Let a(n) = 17*n**2 + 63*n + 17. What is a(-6)?
251
Let h(c) = -3559*c - 32022. What is h(-9)?
9
Let x(f) = -2133*f - 27734. Give x(-13).
-5
Let y(p) = -52*p - 1053. What is y(-20)?
-13
Let w(m) = m**2 + 475*m - 2392. What is w(5)?
8
Let t(f) = -2*f**3 - 35*f**2 + 94*f - 25. Determine t(-20).
95
Let c(b) = b**2 + 799*b + 11751. Give c(-15).
-9
Let u(p) = -12*p**2 - 9*p + 398. Determine u(0).
398
Let a(p) = p**3 + 37*p**2 - 114*p + 243. Calculate a(-40).
3
Let o(v) = 3*v**3 + 88*v**2 - 62*v - 91. What is o(-30)?
-31
Let u(l) = -l**3 - 12*l**2 - 6*l - 25. Determine u(-12).
47
Let m(r) = -65*r + 1268. Determine m(19).
33
Let i(t) = 19*t**3 + 5*t**2 - t + 13. What is i(0)?
13
Let z(o) = 10*o**2 - 29*o - 2. Calculate z(-5).
393
Let y(w) = 574*w - 2843. Determine y(5).
27
Let u(v) = -185*v - 1400. Calculate u(-9).
265
Let m(k) = 4*k**2 + 11*k + 86. Determine m(-7).
205
Let r(k) = 320*k + 14389. Give r(-45).
-11
Let i(p) = p**3 + 3*p**2 - p + 2. Calculate i(1).
5
Let v(c) = -5*c**2 + 48*c - 2. Determine v(7).
89
Let c(w) = 2*w**2 + 55*w - 2. Determine c(0).
-2
Le